a (base 11) in base 6?
14
What is -2 (base 5) in base 16?
-2
-3 (base 5) to base 6
-3
0 (base 5) to base 9
0
What is -5 (base 14) in base 2?
-101
What is -70 (base 9) in base 8?
-77
What is -100 (base 2) in base 15?
-4
9d (base 14) to base 9
164
Convert 25 (base 12) to base 7.
41
2 (base 12) to base 16
2
Convert -2031 (base 5) to base 4.
-10022
-114 (base 10) to base 15
-79
60 (base 11) to base 15
46
4 (base 10) to base 8
4
Convert 4 (base 12) to base 3.
11
-15 (base 12) to base 11
-16
-10321 (base 4) to base 11
-265
What is 0 (base 2) in base 10?
0
What is -25 (base 11) in base 12?
-23
Convert -1 (base 3) to base 4.
-1
What is -11 (base 2) in base 10?
-3
Convert 1201 (base 3) to base 14.
34
What is -17 (base 16) in base 6?
-35
-26 (base 16) to base 10
-38
5 (base 13) to base 6
5
Convert 19 (base 10) to base 4.
103
Convert 20 (base 4) to base 3.
22
102 (base 4) to base 9
20
0 (base 10) to base 7
0
What is 11 (base 3) in base 16?
4
What is -233 (base 4) in base 14?
-35
Convert 34 (base 13) to base 4.
223
Convert -1 (base 2) to base 5.
-1
What is -112 (base 4) in base 8?
-26
-122 (base 7) to base 10
-65
5a (base 13) to base 8
113
0 (base 3) to base 12
0
What is -212 (base 3) in base 15?
-18
What is 0 (base 14) in base 3?
0
What is -100110 (base 2) in base 7?
-53
-6 (base 7) to base 3
-20
What is 2 (base 11) in base 8?
2
What is -13 (base 6) in base 3?
-100
What is -4 (base 8) in base 13?
-4
What is 4 (base 9) in base 5?
4
Convert -2 (base 8) to base 14.
-2
-72 (base 10) to base 9
-80
-a3 (base 15) to base 5
-1103
-54 (base 13) to base 4
-1011
-10 (base 8) to base 11
-8
-173 (base 9) to base 6
-403
Convert -1060 (base 7) to base 12.
-281
83 (base 11) to base 5
331
Convert -2 (base 9) to base 8.
-2
What is 2 (base 11) in base 13?
2
1 (base 15) to base 6
1
3 (base 10) to base 8
3
Convert 10001 (base 2) to base 10.
17
Convert -2 (base 10) to base 14.
-2
-1010011 (base 2) to base 14
-5d
3 (base 8) to base 2
11
Convert 15 (base 16) to base 3.
210
What is -46 (base 12) in base 9?
-60
Convert 4 (base 16) to base 9.
4
What is 1111 (base 3) in base 7?
55
-30 (base 5) to base 12
-13
-3 (base 8) to base 6
-3
What is -11 (base 4) in base 7?
-5
-10 (base 3) to base 8
-3
Convert 28 (base 10) to base 6.
44
What is 341 (base 5) in base 3?
10120
Convert -78 (base 12) to base 3.
-10102
242 (base 8) to base 4
2202
Convert -122 (base 3) to base 10.
-17
What is 2 (base 7) in base 12?
2
2 (base 8) to base 6
2
Convert 10 (base 8) to base 5.
13
What is 4 (base 14) in base 3?
11
-11 (base 8) to base 10
-9
11 (base 3) to base 7
4
What is 4 (base 14) in base 16?
4
Convert 111 (base 3) to base 12.
11
What is -5e (base 16) in base 5?
-334
-7 (base 8) to base 6
-11
Convert 1 (base 2) to base 6.
1
50 (base 8) to base 4
220
What is -3 (base 14) in base 10?
-3
What is -23 (base 8) in base 6?
-31
What is 86 (base 11) in base 7?
163
Convert 1 (base 8) to base 13.
1
Convert -84 (base 9) to base 14.
-56
4 (base 6) to base 13
4
Convert 3 (base 16) to base 4.
3
Convert 304 (base 5) to base 3.
2221
What is -1 (base 16) in base 8?
-1
What is 34 (base 11) in base 6?
101
Convert -10 (base 5) to base 9.
-5
What is -10 (base 4) in base 8?
-4
2b (base 15) to base 16
29
-2 (base 16) to base 4
-2
What is 55 (base 8) in base 6?
113
-1 (base 16) to base 7
-1
What is -5 (base 15) in base 9?
-5
What is -33 (base 7) in base 12?
-20
What is -1000 (base 2) in base 6?
-12
Convert 6 (base 15) to base 12.
6
What is 3 (base 14) in base 6?
3
-43 (base 8) to base 15
-25
Convert -7 (base 13) to base 10.
-7
2202 (base 5) to base 6
1222
110 (base 2) to base 14
6
Convert 101 (base 2) to base 16.
5
33 (base 4) to base 14
11
41 (base 14) to base 9
63
Convert -2 (base 8) to base 9.
-2
What is -7 (base 9) in base 5?
-12
1 (base 11) to base 3
1
5 (base 10) to base 13
5
-102 (base 3) to base 15
-b
Convert -140 (base 11) to base 7.
-324
Convert -4 (base 7) to base 3.
-11
Convert -19 (base 14) to base 13.
-1a
Convert 42 (base 5) to base 6.
34
What is 5 (base 7) in base 12?
5
Convert -36 (base 7) to base 14.
-1d
343 (base 5) to base 12
82
8 (base 16) to base 12
8
0 (base 5) to base 2
0
What is -4 (base 5) in base 10?
-4
Convert -13 (base 8) to base 10.
-11
Convert 2 (base 11) to base 13.
2
Convert -d (base 16) to base 15.
-d
-4 (base 6) to base 13
-4
Convert 1 (base 2) to base 11.
1
What is -65 (base 7) in base 9?
-52
What is -7 (base 9) in base 7?
-10
What is 1 (base 6) in base 4?
1
-a (base 14) to base 5
-20
What is -11011 (base 2) in base 7?
-36
What is -35 (base 10) in base 12?
-2b
What is 10 (base 9) in base 7?
12
Convert -5 (base 14) to base 10.
-5
Convert 124 (base 8) to base 14.
60
What is 0 (base 16) in base 10?
0
What is -130 (base 12) in base 2?
-10110100
Convert -2a (base 16) to base 14.
-30
Convert 3 (base 13) to base 15.
3
b (base 12) to base 3
102
2 (base 11) to base 3
2
6 (base 15) to base 10
6
Convert -1 (base 3) to base 6.
-1
3 (base 5) to base 6
3
What is -332 (base 4) in base 5?
-222
What is -200 (base 4) in base 12?
-28
Convert 6 (base 8) to base 11.
6
Convert -2 (base 16) to base 15.
-2
Convert 1110100 (base 2) to base 12.
98
Convert -3 (base 4) to base 3.
-10
9 (base 15) to base 12
9
Convert 24 (base 13) to base 5.
110
-7 (base 15) to base 5
-12
Convert -44 (base 7) to base 2.
-100000
20 (base 3) to base 4
12
12 (base 4) to base 12
6
What is 3 (base 12) in base 15?
3
3 (base 4) to base 2
11
323 (base 4) to base 3
2012
Convert 7 (base 13) to base 8.
7
Convert -6 (base 13) to base 3.
-20
Convert 5 (base 12) to base 13.
5
What is 3 (base 8) in base 10?
3
Convert -220 (base 8) to base 16.
-90
What is 41 (base 7) in base 6?
45
Convert 222 (base 8) to base 4.
2102
What is -120 (base 4) in base 6?
-40
2 (base 11) to base 8
2
What is -21 (base 4) in base 13?
-9
33 (base 8) to base 13
21
What is -26 (base 7) in base 11?
-19
-61 (base 10) to base 12
-51
What is 0 (base 6) in base 8?
0
-1 (base 16) to base 12
-1
Convert 1 (base 14) to base 16.
1
-73 (base 15) to base 13
-84
What is -3 (base 13) in base 3?
-10
3 (base 12) to base 9
3
Convert -1 (base 14) to base 6.
-1
20 (base 3) to base 8
6
Convert 111 (base 3) to base 4.
31
What is 11 (base 8) in base 11?
9
Convert 3 (base 10) to base 15.
3
-3 (base 15) to base 10
-3
What is 100 (base 3) in base 5?
14
Convert -2 (base 11) to base 13.
-2
Convert 1011 (base 4) to base 3.
2120
1 (base 14) to base 3
1
Convert 0 (base 8) to base 13.
0
0 (base 4) to base 6
0
What is 2 (base 9) in base 7?
2
Convert 46 (base 14) to base 11.
57
What is 1 (base 15) in base 11?
1
-a (base 12) to base 6
-14
-75 (base 10) to base 13
-5a
-2 (base 6) to base 4
-2
Convert -50 (base 10) to base 14.
-38
-323 (base 7) to base 12
-118
3 (base 11) to base 14
3
What is -63 (base 12) in base 8?
-113
What is -161 (base 10) in base 5?
-1121
What is -8 (base 15) in base 3?
-22
-4 (base 14) to base 10
-4
What is 1 (base 10) in base 11?
1
-11 (base 5) to base 15
-6
Convert 21 (base 10) to base 11.
1a
Convert -6 (base 7) to base 15.
-6
What is -24 (base 7) in base 11?
-17
-3 (base 4) to base 6
-3
Convert -1 (base 10) to base 14.
-1
Convert 23 (base 8) to base 2.
10011
-10010 (base 3) to base 15
-59
What is 365 (base 7) in base 9?
235
Convert -3 (base 11) to base 8.
-3
What is 4 (base 9) in base 7?
4
62 (base 13) to base 11
73
Convert 0 (base 9) to base 14.
0
2 (base 14) to base 3
2
Convert 5 (base 13) to base 12.
5
Convert 11111 (base 2) to base 15.
21
What is -1 (base 5) in base 2?
-1
Convert -1 (base 4) to base 15.
-1
5 (base 6) to base 4
11
Convert -3 (base 16) to base 7.
-3
What is 124 (base 5) in base 14?
2b
Convert 202 (base 3) to base 6.
32
7 (base 11) to base 12
7
-4c (base 16) to base 7
-136
What is 12 (base 12) in base 9?
15
-31 (base 4) to base 12
-11
b (base 13) to base 3
102
What is 10 (base 5) in base 7?
5
Convert 1 (base 3) to base 5.
1
Convert -5 (base 15) to base 8.
-5
1 (base 4) to base 14
1
What is 252 (base 8) in base 3?
20022
Convert 18 (base 15) to base 4.
113
21 (base 4) to base 15
9
What is 3 (base 4) in base 15?
3
Convert -121 (base 6) to base 12.
-41
Convert -100010011 (base 2) to base 11.
-230
Convert 8a (base 13) to base 3.
11020
Convert 149 (base 10) to base 7.
302
Convert -7 (base 12) to base 15.
-7
What is 111 (base 2) in base 3?
21
Convert -12 (base 6) to base 9.
-